{"id":1054,"date":"2015-02-02T18:02:46","date_gmt":"2015-02-02T18:02:46","guid":{"rendered":"http:\/\/www.inoxalca.it\/webadmin\/?page_id=1054"},"modified":"2021-06-03T09:19:42","modified_gmt":"2021-06-03T09:19:42","slug":"fastener-service","status":"publish","type":"page","link":"https:\/\/www.inoxalca.it\/?page_id=1054","title":{"rendered":"Fastener Service"},"content":{"rendered":"<p><strong>a. Servizio Kanban e ordini a Programma<\/strong><br \/>\nIl miglior vantaggio offerto in termini di riduzione del magazzino, garantendole allo stesso tempo la giusta quantit\u00e0 di prodotto alla linea produttiva.<br \/>\nIl materiale che serve al momento che serve, senza allocazione di spazio in eccesso. Forniture con cadenze prestabilite e quantit\u00e0 calcolate.<\/p>\n<p><strong>b. Trattamenti Termici e Superficiali<\/strong><br \/>\nI trattamenti termici sono operazioni che consentono di sottoporre le leghe al di sotto del punto di fusione a uno o pi\u00f9 cicli termici, dal riscaldamento al raffreddamento, conferendo determinate propriet\u00e0 ai materiali sottoposti al trattamento. Le propriet\u00e0 che si ottengono con i trattamenti termici sono la durezza, la resistenza alle sollecitazioni, la tenacit\u00e0, la lavorabilit\u00e0 con utensili\u00a0 e la malleabilit\u00e0.<\/p>\n<p>I trattamenti superficiali servono per rendere i pezzi pi\u00f9 resistenti alla corrosione e rendere le superfici meno rugose nonch\u00e9 per migliorarne l\u2019aspetto e la qualit\u00e0 del prodotto.<\/p>\n<p>Possiamo offrire diversi tipi di trattamenti:<br \/>\n\u00b7 Galvanici (Elettrolitici): Zincatura (bianca, gialla e nera); Nichelatura; Brunitura; Ottonatura; Bronzatura; Fosfatazione; Stagnatura; Cadmiatura; Ramatura e Cromatura<br \/>\n\u00b7 Chimici: Decappagio, Passivazione, Anodizzazione e Ossidazione Anodica<br \/>\n\u00b7 Meccanici: Sabbiatura, Pallinatura, ecc.<br \/>\n\u00b7 A Caldo: Brunitura, Zincatura, ecc.<br \/>\n\u00b7 Lucidatura<br \/>\n\u00b7 Bonifica<br \/>\n\u00b7 Rinvenimento<br \/>\n\u00b7 Nitrurazione<br \/>\n\u00b7 Carbonitrurazione<\/p>\n<p><strong>c. Trattamenti di frena filetto e lubrificanti<\/strong><br \/>\nPossibilit\u00e0 di trattamenti su viti e particolari a disegno di prodotti sigillanti (ad acqua ed elastici), bloccanti (Scotch-grip), frenanti (frenafiletto) e lubrificanti (olii).<\/p>","protected":false},"excerpt":{"rendered":"<p>a. Servizio Kanban e ordini a Programma Il miglior vantaggio offerto in termini di riduzione del magazzino, garantendole allo stesso tempo la giusta quantit\u00e0 di prodotto alla linea produttiva. Il materiale che serve al momento che serve, senza allocazione di spazio in eccesso. Forniture con cadenze prestabilite e quantit\u00e0 calcolate. b. Trattamenti Termici e Superficiali [&hellip;]<\/p>\n","protected":false},"author":1,"featured_media":0,"parent":0,"menu_order":0,"comment_status":"closed","ping_status":"closed","template":"","meta":{"footnotes":""},"class_list":["post-1054","page","type-page","status-publish","hentry"],"_links":{"self":[{"href":"https:\/\/www.inoxalca.it\/index.php?rest_route=\/wp\/v2\/pages\/1054","targetHints":{"allow":["GET"]}}],"collection":[{"href":"https:\/\/www.inoxalca.it\/index.php?rest_route=\/wp\/v2\/pages"}],"about":[{"href":"https:\/\/www.inoxalca.it\/index.php?rest_route=\/wp\/v2\/types\/page"}],"author":[{"embeddable":true,"href":"https:\/\/www.inoxalca.it\/index.php?rest_route=\/wp\/v2\/users\/1"}],"replies":[{"embeddable":true,"href":"https:\/\/www.inoxalca.it\/index.php?rest_route=%2Fwp%2Fv2%2Fcomments&post=1054"}],"version-history":[{"count":0,"href":"https:\/\/www.inoxalca.it\/index.php?rest_route=\/wp\/v2\/pages\/1054\/revisions"}],"wp:attachment":[{"href":"https:\/\/www.inoxalca.it\/index.php?rest_route=%2Fwp%2Fv2%2Fmedia&parent=1054"}],"curies":[{"name":"wp","href":"https:\/\/api.w.org\/{rel}","templated":true}]}}